{"id":1453,"date":"2021-11-08T19:00:21","date_gmt":"2021-11-08T19:00:21","guid":{"rendered":"https:\/\/sorbonnescholars.sorbonne-universite.fr\/?page_id=1453"},"modified":"2025-07-04T08:33:03","modified_gmt":"2025-07-04T08:33:03","slug":"concerts-2018-2019","status":"publish","type":"page","link":"https:\/\/sorbonnescholars.sorbonne-universite.fr\/?page_id=1453","title":{"rendered":"Concerts 2018-2019"},"content":{"rendered":"\n<p class=\"has-text-align-center\"><strong><u>La saison 2018-2019<\/u><\/strong><\/p>\n\n\n\n<p class=\"has-text-align-center\">\u00ab&nbsp;Best&nbsp;of&nbsp;the&nbsp;Sorbonne&nbsp;Scholars&nbsp;\u00bb&nbsp;:&nbsp; Concert \u00e0 l\u2019occasion&nbsp;des&nbsp;20&nbsp;ans&nbsp;des&nbsp;Sorbonne&nbsp;Scholars<\/p>\n\n\n\n<p class=\"has-text-align-center\">&nbsp;&nbsp;&nbsp;&nbsp;&nbsp;&nbsp;&nbsp;&nbsp;&nbsp;&nbsp;&nbsp; le 16 octobre 2018 \u2013 Amphith\u00e9\u00e2tre Richelieu en Sorbonne<\/p>\n\n\n\n<hr class=\"wp-block-separator\"\/>\n\n\n\n<p class=\"has-text-align-center\">\u00ab&nbsp;Musique et \u00e9l\u00e9gie&nbsp;\u00e0 la Renaissance&nbsp;\u00bb&nbsp;: <em>Concert-conf\u00e9rence,<\/em> conf\u00e9rencier Pierre Iselin avec les Sorbonne Scholars&nbsp;; ainsi qu\u2019un concert dans le cadre du colloque \u00ab&nbsp;Peintures et figures de nus dans la litt\u00e9rature de l\u2019Antiquit\u00e9 \u00e0 la Renaissance&nbsp;\u00bb<\/p>\n\n\n\n<p class=\"has-text-align-center\">&nbsp;&nbsp;&nbsp;&nbsp;&nbsp;&nbsp;&nbsp;&nbsp;&nbsp;&nbsp;&nbsp; le 13 novembre 2018 \u2013 Amphith\u00e9\u00e2tre Richelieu en Sorbonne<\/p>\n\n\n\n<hr class=\"wp-block-separator\"\/>\n\n\n\n<p class=\"has-text-align-center\">\u00ab&nbsp;Psaumes de louange et de doute&nbsp;\u00bb (Direction Jean-Christophe Frisch)<\/p>\n\n\n\n<p class=\"has-text-align-center\">&nbsp;&nbsp;&nbsp;&nbsp;&nbsp;&nbsp;&nbsp;&nbsp;&nbsp;&nbsp;&nbsp; le 15 janvier 2019 \u2013 Amphith\u00e9\u00e2tre Richelieu en Sorbonne<\/p>\n\n\n\n<hr class=\"wp-block-separator\"\/>\n\n\n\n<p class=\"has-text-align-center\">\u00ab&nbsp;L\u00e9onardo de Vinci et la musique&nbsp;\u00bb&nbsp;: <em>Concert-conf\u00e9rence,<\/em> conf\u00e9rencier Pascal Brioist (Universit\u00e9 de Tours) avec les Sorbonne Scholars<\/p>\n\n\n\n<p class=\"has-text-align-center\">&nbsp;&nbsp;&nbsp;&nbsp;&nbsp;&nbsp;&nbsp;&nbsp;&nbsp;&nbsp;&nbsp; le 12 f\u00e9vrier 2019 \u2013 Amphith\u00e9\u00e2tre Richelieu en Sorbonne<\/p>\n\n\n\n<hr class=\"wp-block-separator\"\/>\n\n\n\n<p class=\"has-text-align-center\">\u00ab&nbsp;Polyphonies f\u00e9minines du premier baroque&nbsp;\u00bb&nbsp;: <em>Concert-conf\u00e9rence,<\/em> conf\u00e9renci\u00e8re Catherine<\/p>\n\n\n\n<p class=\"has-text-align-center\">Deutsch (Sorbonne-Universit\u00e9) avec les Sorbonne Scholars et des \u00e9tudiants du MIMA<\/p>\n\n\n\n<p class=\"has-text-align-center\">&nbsp;&nbsp;&nbsp;&nbsp;&nbsp;&nbsp;&nbsp;&nbsp;&nbsp;&nbsp;&nbsp; 26 mars 2019 \u2013 Amphith\u00e9\u00e2tre Richelieu en Sorbonne<\/p>\n\n\n\n<hr class=\"wp-block-separator\"\/>\n\n\n\n<p class=\"has-text-align-center\">\u00ab&nbsp;Un si\u00e8cle de polyphonie anglaise \u00e0 la <em>Chapel royal<\/em>&nbsp;\u00bb&nbsp;: Concert pr\u00e9sent\u00e9 par le Leo Club Paris-Centre<\/p>\n\n\n\n<p class=\"has-text-align-center\">le 9 avril 2019 \u2013 Oratoire du Louvre, Paris 1<sup>er<\/sup> &nbsp;<\/p>\n\n\n\n<hr class=\"wp-block-separator\"\/>\n\n\n\n<p class=\"has-text-align-center\">\u00ab&nbsp;Parodies spirituelles entre Renaissance et baroque&nbsp;\u00bb&nbsp;: <em>Concert-conf\u00e9rence,<\/em> conf\u00e9renci\u00e8re Anne Pi\u00e9jus (CNRS, IReMus) avec les Sorbonne Scholars<\/p>\n\n\n\n<p class=\"has-text-align-center\">&nbsp;&nbsp;&nbsp;&nbsp;&nbsp;&nbsp;&nbsp;&nbsp;&nbsp;&nbsp;&nbsp; le 4 juin 2019 \u2013 Amphith\u00e9\u00e2tre Richelieu en Sorbonne<\/p>\n\n\n\n<hr class=\"wp-block-separator\"\/>\n\n\n\n<p class=\"has-text-align-center\">\u00ab&nbsp;Musique au temps de L\u00e9onard de Vinci&nbsp;\u00bb&nbsp;: au Ch\u00e2teau royal d\u2019Amboise dans le cadre du festival \u00ab&nbsp;<em>Avanti la musica<\/em>&nbsp;\u00bb <\/p>\n\n\n\n<p class=\"has-text-align-center\">le 15 juin 2019 et le 16 juin au Ch\u00e2teau de Sepmes (37800)<\/p>\n\n\n\n<hr class=\"wp-block-separator\"\/>\n\n\n\n<p class=\"has-text-align-center\">\u00ab&nbsp;Un orchestre de la Renaissance en Sorbonne&nbsp;\u00bb&nbsp;: Concert par l\u2019ensemble instrumental des Sorbonne Scholars<\/p>\n\n\n\n<p class=\"has-text-align-center\">&nbsp;&nbsp;&nbsp;&nbsp;&nbsp;&nbsp;&nbsp;&nbsp;&nbsp;&nbsp;&nbsp; le 25 juin 2019 \u2013 Amphith\u00e9\u00e2tre Richelieu en Sorbonne<\/p>\n\n\n\n<hr class=\"wp-block-separator\"\/>\n\n\n\n<p class=\"has-text-align-center\">\u00ab&nbsp;Hommage \u00e0 Costanzo Festa (c.1490)1545)&nbsp;\u00bb : Concert de cl\u00f4ture du stage d\u2019\u00e9t\u00e9 des Scholars<\/p>\n\n\n\n<p class=\"has-text-align-center\">&nbsp;&nbsp;&nbsp;&nbsp;&nbsp;&nbsp;&nbsp;&nbsp;&nbsp;&nbsp;&nbsp; le 19 juillet 2019 \u2013 \u00c9glise Saint-\u00c9tienne de Romorantin-Lanthenay (41200)<\/p>\n","protected":false},"excerpt":{"rendered":"<p>La saison 2018-2019 \u00ab&nbsp;Best&nbsp;of&nbsp;the&nbsp;Sorbonne&nbsp;Scholars&nbsp;\u00bb&nbsp;:&nbsp; Concert \u00e0 l\u2019occasion&nbsp;des&nbsp;20&nbsp;ans&nbsp;des&nbsp;Sorbonne&nbsp;Scholars &nbsp;&nbsp;&nbsp;&nbsp;&nbsp;&nbsp;&nbsp;&nbsp;&nbsp;&nbsp;&nbsp; le 16 octobre 2018 \u2013 Amphith\u00e9\u00e2tre Richelieu en Sorbonne \u00ab&nbsp;Musique et \u00e9l\u00e9gie&nbsp;\u00e0 la Renaissance&nbsp;\u00bb&nbsp;: Concert-conf\u00e9rence, conf\u00e9rencier Pierre Iselin avec les Sorbonne Scholars&nbsp;; ainsi qu\u2019un concert dans le cadre du colloque \u00ab&nbsp;Peintures et figures de nus dans la litt\u00e9rature de l\u2019Antiquit\u00e9 \u00e0 la Renaissance&nbsp;\u00bb &nbsp;&nbsp;&nbsp;&nbsp;&nbsp;&nbsp;&nbsp;&nbsp;&nbsp;&nbsp;&nbsp; le 13 novembre [&hellip;]<\/p>\n","protected":false},"author":3,"featured_media":0,"parent":14,"menu_order":12,"comment_status":"closed","ping_status":"closed","template":"","meta":{"footnotes":""},"class_list":["post-1453","page","type-page","status-publish","hentry"],"_links":{"self":[{"href":"https:\/\/sorbonnescholars.sorbonne-universite.fr\/index.php?rest_route=\/wp\/v2\/pages\/1453","targetHints":{"allow":["GET"]}}],"collection":[{"href":"https:\/\/sorbonnescholars.sorbonne-universite.fr\/index.php?rest_route=\/wp\/v2\/pages"}],"about":[{"href":"https:\/\/sorbonnescholars.sorbonne-universite.fr\/index.php?rest_route=\/wp\/v2\/types\/page"}],"author":[{"embeddable":true,"href":"https:\/\/sorbonnescholars.sorbonne-universite.fr\/index.php?rest_route=\/wp\/v2\/users\/3"}],"replies":[{"embeddable":true,"href":"https:\/\/sorbonnescholars.sorbonne-universite.fr\/index.php?rest_route=%2Fwp%2Fv2%2Fcomments&post=1453"}],"version-history":[{"count":2,"href":"https:\/\/sorbonnescholars.sorbonne-universite.fr\/index.php?rest_route=\/wp\/v2\/pages\/1453\/revisions"}],"predecessor-version":[{"id":1466,"href":"https:\/\/sorbonnescholars.sorbonne-universite.fr\/index.php?rest_route=\/wp\/v2\/pages\/1453\/revisions\/1466"}],"up":[{"embeddable":true,"href":"https:\/\/sorbonnescholars.sorbonne-universite.fr\/index.php?rest_route=\/wp\/v2\/pages\/14"}],"wp:attachment":[{"href":"https:\/\/sorbonnescholars.sorbonne-universite.fr\/index.php?rest_route=%2Fwp%2Fv2%2Fmedia&parent=1453"}],"curies":[{"name":"wp","href":"https:\/\/api.w.org\/{rel}","templated":true}]}}