{"id":811,"date":"2016-09-15T13:17:35","date_gmt":"2016-09-15T13:17:35","guid":{"rendered":"http:\/\/www.culture-sorbonne.fr\/scholars\/?page_id=811"},"modified":"2025-07-04T08:32:30","modified_gmt":"2025-07-04T08:32:30","slug":"concerts-2016-2017","status":"publish","type":"page","link":"https:\/\/sorbonnescholars.sorbonne-universite.fr\/?page_id=811","title":{"rendered":"Concerts 2016-2017"},"content":{"rendered":"<p style=\"text-align: center\"><span style=\"color: #000000\"><strong><img loading=\"lazy\" decoding=\"async\" class=\"wp-image-815 size-medium alignleft\" src=\"http:\/\/www.culture-sorbonne.fr\/scholars\/files\/2016\/09\/Trente-concile-fois-300x211.jpg\" width=\"300\" height=\"211\" alt=\"\" srcset=\"https:\/\/sorbonnescholars.sorbonne-universite.fr\/wp-content\/uploads\/2016\/09\/Trente-concile-fois-300x211.jpg 300w, https:\/\/sorbonnescholars.sorbonne-universite.fr\/wp-content\/uploads\/2016\/09\/Trente-concile-fois.jpg 600w\" sizes=\"auto, (max-width: 300px) 100vw, 300px\" \/>Musiques sacr\u00e9es au temps du Concile de Trente<\/strong><\/span><\/p>\n<p style=\"text-align: center\"><span style=\"color: #000000\"><u><strong>vendredi 14 octobre \u00e0 21 heures<\/strong><br \/>\n<\/u>\u00e0 l\u2019Eglise Saint-Jacques du Haut-Pas<\/span><br \/>\n<span style=\"color: #000000\"> 252 rue Saint-Jacques, Paris 5<sup>e<\/sup><\/span><br \/>\n<span style=\"color: #000000\"> Concert pr\u00e9sent\u00e9 par la Soci\u00e9t\u00e9 d\u2019histoire religieuse de la France<\/span><br \/>\n<span style=\"color: #000000\"> dans le cadre du colloque en hommage \u00e0 Marc Venard.<\/span><br \/>\n<span style=\"color: #000000\"> Entr\u00e9e libre sans r\u00e9servation.<\/span><\/p>\n<hr \/>\n<p style=\"text-align: center\"><span style=\"color: #000000\"><strong>\u00ab\u00a0Puer natus est\u00a0\u00bb\u00a0: No\u00ebl \u00a0aux XVIe et XVIIe si\u00e8cles<br \/>\n<\/strong><\/span><strong><span style=\"color: #000000\">Musiques\u00a0<\/span>anglaises<span style=\"color: #000000\">\u00a0et allemandes<\/span><\/strong><\/p>\n<p style=\"text-align: right\"><span><strong><a style=\"color: #000000\" href=\"http:\/\/www.culture-sorbonne.fr\/scholars\/files\/2012\/05\/61189_gerrit-van-honthorst_600.jpg\"><img loading=\"lazy\" decoding=\"async\" class=\"wp-image-625 alignright\" src=\"http:\/\/www.culture-sorbonne.fr\/scholars\/files\/2012\/05\/61189_gerrit-van-honthorst_600-252x300.jpg\" alt=\"61189_gerrit-van-honthorst_600\" width=\"211\" height=\"251\" srcset=\"https:\/\/sorbonnescholars.sorbonne-universite.fr\/wp-content\/uploads\/2012\/05\/61189_gerrit-van-honthorst_600-252x300.jpg 252w, https:\/\/sorbonnescholars.sorbonne-universite.fr\/wp-content\/uploads\/2012\/05\/61189_gerrit-van-honthorst_600.jpg 600w\" sizes=\"auto, (max-width: 211px) 100vw, 211px\" \/><\/a><\/strong><\/span><u><\/u><\/p>\n<p style=\"text-align: center\"><span style=\"color: #000000\"><u><strong>mardi 6 d\u00e9cembre \u00e0 20h30<\/strong><br \/>\n<\/u> \u00e0 la Chapelle du Lyc\u00e9e Henri IV,<\/span><br \/>\n<span style=\"color: #000000\"> 23 rue Clovis, Paris 5<sup>e<br \/>\n<\/sup>Concert pr\u00e9sent\u00e9 par l\u2019Association d\u2019\u00e9tudes anglaises et l\u2019Association d\u2019\u00e9tudes germaniques du Lyc\u00e9e Henri IV<\/span><\/p>\n<p style=\"text-align: center\"><span style=\"color: #000000\">Places limit\u00e9es, r\u00e9servation obligatoire <a style=\"color: #000000\" href=\"https:\/\/www.weezevent.com\/puer-natus-est-noel-en-angleterre-et-allemagne\">en cliquant ici<br \/>\n<\/a> \u00e0 partir du 15 novembre.<\/span><br \/>\n<span style=\"color: #000000\"> Libre participation aux frais<\/span><\/p>\n<hr \/>\n<p style=\"text-align: center\"><span style=\"color: #000000\"><strong><a style=\"color: #000000\" href=\"https:\/\/sorbonnescholars.sorbonne-universite.fr\/wp-content\/uploads\/2016\/09\/voir_la_peinture_exposition_musique_saint_riquier.jpg\"><img loading=\"lazy\" decoding=\"async\" class=\"size-full wp-image-835 alignleft\" src=\"https:\/\/sorbonnescholars.sorbonne-universite.fr\/wp-content\/uploads\/2016\/09\/voir_la_peinture_exposition_musique_saint_riquier.jpg\" alt=\"voir_la_peinture_exposition_musique_saint_riquier\" width=\"250\" height=\"225\" \/><\/a>Shakespeare&rsquo;s music as you like it<\/strong><\/span><\/p>\n<p style=\"text-align: center\"><span style=\"color: #000000\"><strong><u>samedi 7 janvier 2017 \u00e0 15 heures<\/u><\/strong><\/span><br \/>\n<span style=\"color: #000000\"> \u00e0 l\u2019Ecole normale sup\u00e9rieure de Lyon,<\/span><br \/>\n<span style=\"color: #000000\"> 15 parvis Ren\u00e9 Descartes, Lyon,<\/span><br \/>\n<span style=\"color: #000000\"> dans le cadre du colloque New Perspectives on \u201cAs You Like It\u201d<\/span><\/p>\n<hr \/>\n<p style=\"text-align: center\"><span style=\"color: #000000\"><strong>\u00ab\u00a0Cori spezzati\u00a0\u00bb : Musiques polychorales italiennes et allemandes\u00a0<\/strong><strong>(XVIe &#8211; XVIIe si\u00e8cles)<a style=\"color: #000000\" href=\"https:\/\/sorbonnescholars.sorbonne-universite.fr\/wp-content\/uploads\/2016\/09\/Scholars_DSC00595_1024.jpg\"><img loading=\"lazy\" decoding=\"async\" class=\"size-medium wp-image-831 alignright\" src=\"http:\/\/www.culture-sorbonne.fr\/scholars\/files\/2016\/09\/Scholars_DSC00595_1024-300x200.jpg\" alt=\"scholars_dsc00595_1024\" width=\"300\" height=\"200\" srcset=\"https:\/\/sorbonnescholars.sorbonne-universite.fr\/wp-content\/uploads\/2016\/09\/Scholars_DSC00595_1024-300x200.jpg 300w, https:\/\/sorbonnescholars.sorbonne-universite.fr\/wp-content\/uploads\/2016\/09\/Scholars_DSC00595_1024-1024x681.jpg 1024w, https:\/\/sorbonnescholars.sorbonne-universite.fr\/wp-content\/uploads\/2016\/09\/Scholars_DSC00595_1024-768x511.jpg 768w, https:\/\/sorbonnescholars.sorbonne-universite.fr\/wp-content\/uploads\/2016\/09\/Scholars_DSC00595_1024.jpg 1087w\" sizes=\"auto, (max-width: 300px) 100vw, 300px\" \/><\/a><\/strong><\/span><\/p>\n<p style=\"text-align: center\"><span style=\"color: #000000\"><span style=\"text-decoration: underline\"><strong>vendredi 20 janvier \u00e0 20 h 30<br \/>\n<\/strong><\/span> au Temple Passy-Annonciation,<\/span><br \/>\n<span style=\"color: #000000\"> 19 rue Cortambert, Paris 16<sup>e<br \/>\n<\/sup>Concert pr\u00e9sent\u00e9 par Musacor<\/span><\/p>\n<hr \/>\n<p style=\"text-align: center\"><span style=\"color: #000000\"><strong>Musiques polychorales de\u00a0Venise\u00a0<\/strong><strong>\u00e0 l&rsquo;Allemagne de \u00a0Sch\u00fctz<br \/>\n<\/strong><\/span><br \/>\n<span style=\"color: #000000\"> <img loading=\"lazy\" decoding=\"async\" class=\"wp-image-677 alignleft\" src=\"http:\/\/www.culture-sorbonne.fr\/scholars\/files\/2012\/05\/Banquet-musical-\u00e0-Venise-G.-Bellini-www.venicethefuture.com_-300x261.jpg\" alt=\"Banquet musical \u00e0 Venise + G. Bellini www.venicethefuture.com\" width=\"257\" height=\"224\" \/><\/span><\/p>\n<p style=\"text-align: center\"><span style=\"color: #000000\"><strong><span style=\"text-decoration: underline\">jeudi<\/span><u> 2 mars <\/u><\/strong>\u00e0 la Chapelle Notre-Dame de Versailles<\/span><br \/>\n<span style=\"color: #000000\"> et<\/span><br \/>\n<span style=\"color: #000000\"> <strong><u>vendredi 3 mars<\/u> <\/strong>\u00e0 l\u2019Eglise \u00e9vangelique allemande,\u00a0Paris 8<sup>e<\/sup><\/span><\/p>\n<p style=\"text-align: center\"><span style=\"color: #000000\">Concerts en collaboration\u00a0avec le CRR de Versailles<\/span><\/p>\n<hr \/>\n<div id=\"attachment_803\" style=\"width: 310px\" class=\"wp-caption alignright\"><a style=\"color: #000000\" href=\"http:\/\/www.culture-sorbonne.fr\/scholars\/files\/2012\/05\/PD68920059_D9RGMW_2656372b.jpg\"><img loading=\"lazy\" decoding=\"async\" aria-describedby=\"caption-attachment-803\" class=\"size-medium wp-image-803\" src=\"http:\/\/www.culture-sorbonne.fr\/scholars\/files\/2012\/05\/PD68920059_D9RGMW_2656372b-300x187.jpg\" alt=\"D9RGMW George Herbert ( 1593 ? 1633). Welsh-born English poet, orator and Anglican priest. Engraving, 18th century. Colored.\" width=\"300\" height=\"187\" \/><\/a><p id=\"caption-attachment-803\" class=\"wp-caption-text\"><span style=\"color: #000000\">George Herbert ( 1593 ? 1633). Welsh-born English poet, orator and Anglican priest.<\/span><\/p><\/div>\n<p style=\"text-align: center\"><span style=\"color: #000000\"><strong>Psaumes et anthems<\/strong><\/span><\/p>\n<p style=\"text-align: center\"><span style=\"color: #000000\"><strong><u>jeudi 18 mai<\/u><\/strong> \u00e0 la Chapelle du Lyc\u00e9e Henri IV, Paris 5e<\/span><br \/>\n<span style=\"color: #000000\"> dans le cadre du colloque George Herbert<\/span><\/p>\n<p>&nbsp;<\/p>\n<p>&nbsp;<\/p>\n","protected":false},"excerpt":{"rendered":"<p>Musiques sacr\u00e9es au temps du Concile de Trente vendredi 14 octobre \u00e0 21 heures \u00e0 l\u2019Eglise Saint-Jacques du Haut-Pas 252 rue Saint-Jacques, Paris 5e Concert pr\u00e9sent\u00e9 par la Soci\u00e9t\u00e9 d\u2019histoire religieuse de la France dans le cadre du colloque en hommage \u00e0 Marc Venard. Entr\u00e9e libre sans r\u00e9servation. \u00ab\u00a0Puer natus est\u00a0\u00bb\u00a0: No\u00ebl \u00a0aux XVIe et [&hellip;]<\/p>\n","protected":false},"author":3,"featured_media":0,"parent":14,"menu_order":10,"comment_status":"closed","ping_status":"closed","template":"","meta":{"footnotes":""},"class_list":["post-811","page","type-page","status-publish","hentry"],"_links":{"self":[{"href":"https:\/\/sorbonnescholars.sorbonne-universite.fr\/index.php?rest_route=\/wp\/v2\/pages\/811","targetHints":{"allow":["GET"]}}],"collection":[{"href":"https:\/\/sorbonnescholars.sorbonne-universite.fr\/index.php?rest_route=\/wp\/v2\/pages"}],"about":[{"href":"https:\/\/sorbonnescholars.sorbonne-universite.fr\/index.php?rest_route=\/wp\/v2\/types\/page"}],"author":[{"embeddable":true,"href":"https:\/\/sorbonnescholars.sorbonne-universite.fr\/index.php?rest_route=\/wp\/v2\/users\/3"}],"replies":[{"embeddable":true,"href":"https:\/\/sorbonnescholars.sorbonne-universite.fr\/index.php?rest_route=%2Fwp%2Fv2%2Fcomments&post=811"}],"version-history":[{"count":1,"href":"https:\/\/sorbonnescholars.sorbonne-universite.fr\/index.php?rest_route=\/wp\/v2\/pages\/811\/revisions"}],"predecessor-version":[{"id":2376,"href":"https:\/\/sorbonnescholars.sorbonne-universite.fr\/index.php?rest_route=\/wp\/v2\/pages\/811\/revisions\/2376"}],"up":[{"embeddable":true,"href":"https:\/\/sorbonnescholars.sorbonne-universite.fr\/index.php?rest_route=\/wp\/v2\/pages\/14"}],"wp:attachment":[{"href":"https:\/\/sorbonnescholars.sorbonne-universite.fr\/index.php?rest_route=%2Fwp%2Fv2%2Fmedia&parent=811"}],"curies":[{"name":"wp","href":"https:\/\/api.w.org\/{rel}","templated":true}]}}